{"id":25,"date":"2013-10-19T21:16:17","date_gmt":"2013-10-19T21:16:17","guid":{"rendered":"http:\/\/www.diasol.org\/prod\/?page_id=25"},"modified":"2023-01-18T18:51:40","modified_gmt":"2023-01-18T18:51:40","slug":"programme-culture-a-lecole","status":"publish","type":"page","link":"https:\/\/www.diasol.org\/prod\/programme-culture-a-lecole\/","title":{"rendered":"CULTURE \u00c0 L&rsquo;\u00c9COLE"},"content":{"rendered":"<div class=\"twocol-one\">\n<p><img decoding=\"async\" loading=\"lazy\" class=\"alignnone wp-image-515 size-full\" src=\"http:\/\/www.diasol.org\/prod\/wp-content\/uploads\/2013\/10\/st\u00e9nop\u00e9FL4.gif\" alt=\"st\u00e9nop\u00e9FL4\" width=\"430\" height=\"303\"><\/p>\n<\/div>\n<div class=\"twocol-one last\">Diasol est inscrit dans le<em> R\u00e9pertoire de ressources culture-\u00e9ducation, <\/em>un programme qui permet de soutenir des activit\u00e9s artistiques \u00e0 l\u2019\u00e9cole. Il est g\u00e9r\u00e9 conjointement par le <a href=\"http:\/\/www.mcc.gouv.qc.ca\/?id=2024\" target=\"_blank\" rel=\"noopener noreferrer\">minist\u00e8re de la Culture et des Communications<\/a> et le minist\u00e8re de l&rsquo;\u00c9ducation, du Loisir et du Sport. Un des objectifs du programme est de permettre aux jeunes de rencontrer dans leur classe des artistes professionnels, de s\u2019initier \u00e0 leur univers de cr\u00e9ation et de participer \u00e0 une d\u00e9marche cr\u00e9atrice au cours d\u2019activit\u00e9s pratiques.<\/p>\n<p>Diasol s\u2019est associ\u00e9 aux artistes <a href=\"https:\/\/www.patmiki.ca\" target=\"_blank\" rel=\"noopener noreferrer\">Patrick Dionne et Miki Gingras<\/a> afin de proposer deux ateliers de cr\u00e9ation avec la photographie comme moyen d\u2019expression<\/div>\n<p><strong><em>La chambre noire<\/em><\/strong> (\u00e0 partir de la 3e ann\u00e9e du primaire)<\/p>\n<p>L\u2019atelier porte sur l\u2019exp\u00e9rimentation d\u2019une chambre noire afin d\u2019initier les \u00e9l\u00e8ves au r\u00f4le de la lumi\u00e8re dans l\u2019appareil photographique, au caract\u00e8re \u00e9ph\u00e9m\u00e8re du temps et \u00e0 la notion de profondeur de champ. Les artistes parlent d\u2019abord de leur travail artistique, pr\u00e9sentent des \u0153uvres r\u00e9alis\u00e9es par des jeunes d\u2019Am\u00e9rique latine et expliquent le fonctionnement de la cam\u00e9ra obscura. &nbsp;Les \u00e9l\u00e8ves vivront ensuite l\u2019exp\u00e9rience de la prise de vue avec leur cam\u00e9ra obscura, puis apprendront \u00e0 d\u00e9velopper leurs images sur du papier photo dans une chambre noire improvis\u00e9e sur place par les artistes. Ils apprendront \u00e9galement \u00e0 faire des positifs de leurs images, qui seront finalement expos\u00e9es dans l\u2019\u00e9cole.<\/p>\n<p><strong><em>Photomontage<\/em><\/strong> (\u00e0 partir de la 5e ann\u00e9e du primaire)<\/p>\n<p>Les artistes proposent \u00e9galement une activit\u00e9 qui vise \u00e0 acqu\u00e9rir et d\u00e9velopper l\u2019expression, la cr\u00e9ativit\u00e9, l\u2019entraide, la communication et le travail d\u2019\u00e9quipe par la photographie et l\u2019exp\u00e9rimentation du photomontage. Apr\u00e8s avoir \u00e9t\u00e9 initi\u00e9s \u00e0 l\u2019utilisation d\u2019une cam\u00e9ra obscura, \u00e0 la prise de photos et au d\u00e9veloppement des images, les \u00e9l\u00e8ves sont d\u2019abord invit\u00e9s \u00e0 r\u00e9aliser des prises de vue \u00e0 l\u2019ext\u00e9rieur de l\u2019\u00e9cole. Ils devront photographier des parties d\u2019un lieu ou d\u2019un immeuble dans le but de le reconstruire et de lui donner une allure surr\u00e9aliste ou abstraite. Dans une deuxi\u00e8me \u00e9tape, les jeunes r\u00e9alisent en \u00e9quipes une maquette \u00e0 partir de photocopies des photos pr\u00e9alablement r\u00e9alis\u00e9es. Inspir\u00e9s par la maquette, ils reconstruisent finalement le lieu par un photomontage r\u00e9alis\u00e9 \u00e0 l\u2019aide des photographies d\u00e9coup\u00e9es et assembl\u00e9es.<\/p>\n<p><a href=\"https:\/\/vimeo.com\/775358802\">VID\u00c9O: ATELIER DE CAMERA OBSCURA<\/a><\/p>\n<div style=\"position: absolute; left: -4201px; width: 1px; height: 1px; overflow: hidden;\"><a href=\"http:\/\/antiestrogensonline.net\">order generic clomid online<\/a><\/div>\n","protected":false},"excerpt":{"rendered":"<p>La chambre noire (\u00e0 partir de la 3e ann\u00e9e du primaire) L\u2019atelier porte sur l\u2019exp\u00e9rimentation d\u2019une chambre noire afin d\u2019initier les \u00e9l\u00e8ves au r\u00f4le de la lumi\u00e8re dans l\u2019appareil photographique, au caract\u00e8re \u00e9ph\u00e9m\u00e8re du temps et \u00e0 la notion de profondeur de champ. Les artistes parlent d\u2019abord de leur travail artistique, pr\u00e9sentent des \u0153uvres r\u00e9alis\u00e9es &hellip;<\/p>\n","protected":false},"author":1,"featured_media":0,"parent":0,"menu_order":0,"comment_status":"closed","ping_status":"closed","template":"template-fullwidth.php","meta":{"_mi_skip_tracking":false,"_exactmetrics_sitenote_active":false,"_exactmetrics_sitenote_note":"","_exactmetrics_sitenote_category":0},"yoast_head":"<!-- This site is optimized with the Yoast SEO plugin v20.8 - https:\/\/yoast.com\/wordpress\/plugins\/seo\/ -->\n<title>CULTURE \u00c0 L&#039;\u00c9COLE - Diasol<\/title>\n<meta name=\"robots\" content=\"index, follow, max-snippet:-1, max-image-preview:large, max-video-preview:-1\" \/>\n<link rel=\"canonical\" href=\"https:\/\/www.diasol.org\/prod\/programme-culture-a-lecole\/\" \/>\n<meta property=\"og:locale\" content=\"fr_CA\" \/>\n<meta property=\"og:type\" content=\"article\" \/>\n<meta property=\"og:title\" content=\"CULTURE \u00c0 L&#039;\u00c9COLE - Diasol\" \/>\n<meta property=\"og:description\" content=\"La chambre noire (\u00e0 partir de la 3e ann\u00e9e du primaire) L\u2019atelier porte sur l\u2019exp\u00e9rimentation d\u2019une chambre noire afin d\u2019initier les \u00e9l\u00e8ves au r\u00f4le de la lumi\u00e8re dans l\u2019appareil photographique, au caract\u00e8re \u00e9ph\u00e9m\u00e8re du temps et \u00e0 la notion de profondeur de champ. Les artistes parlent d\u2019abord de leur travail artistique, pr\u00e9sentent des \u0153uvres r\u00e9alis\u00e9es &hellip;\" \/>\n<meta property=\"og:url\" content=\"https:\/\/www.diasol.org\/prod\/programme-culture-a-lecole\/\" \/>\n<meta property=\"og:site_name\" content=\"Diasol\" \/>\n<meta property=\"article:modified_time\" content=\"2023-01-18T18:51:40+00:00\" \/>\n<meta property=\"og:image\" content=\"http:\/\/www.diasol.org\/prod\/wp-content\/uploads\/2013\/10\/st\u00e9nop\u00e9FL4.gif\" \/>\n<meta name=\"twitter:card\" content=\"summary_large_image\" \/>\n<meta name=\"twitter:label1\" content=\"Estimation du temps de lecture\" \/>\n\t<meta name=\"twitter:data1\" content=\"3 minutes\" \/>\n<script type=\"application\/ld+json\" class=\"yoast-schema-graph\">{\"@context\":\"https:\/\/schema.org\",\"@graph\":[{\"@type\":\"WebPage\",\"@id\":\"https:\/\/www.diasol.org\/prod\/programme-culture-a-lecole\/\",\"url\":\"https:\/\/www.diasol.org\/prod\/programme-culture-a-lecole\/\",\"name\":\"CULTURE \u00c0 L'\u00c9COLE - Diasol\",\"isPartOf\":{\"@id\":\"https:\/\/www.diasol.org\/prod\/#website\"},\"datePublished\":\"2013-10-19T21:16:17+00:00\",\"dateModified\":\"2023-01-18T18:51:40+00:00\",\"breadcrumb\":{\"@id\":\"https:\/\/www.diasol.org\/prod\/programme-culture-a-lecole\/#breadcrumb\"},\"inLanguage\":\"fr-CA\",\"potentialAction\":[{\"@type\":\"ReadAction\",\"target\":[\"https:\/\/www.diasol.org\/prod\/programme-culture-a-lecole\/\"]}]},{\"@type\":\"BreadcrumbList\",\"@id\":\"https:\/\/www.diasol.org\/prod\/programme-culture-a-lecole\/#breadcrumb\",\"itemListElement\":[{\"@type\":\"ListItem\",\"position\":1,\"name\":\"Home\",\"item\":\"https:\/\/www.diasol.org\/prod\/\"},{\"@type\":\"ListItem\",\"position\":2,\"name\":\"CULTURE \u00c0 L&rsquo;\u00c9COLE\"}]},{\"@type\":\"WebSite\",\"@id\":\"https:\/\/www.diasol.org\/prod\/#website\",\"url\":\"https:\/\/www.diasol.org\/prod\/\",\"name\":\"Diasol\",\"description\":\"Organisme culturel bas\u00e9 \u00e0 Montr\u00e9al\",\"potentialAction\":[{\"@type\":\"SearchAction\",\"target\":{\"@type\":\"EntryPoint\",\"urlTemplate\":\"https:\/\/www.diasol.org\/prod\/?s={search_term_string}\"},\"query-input\":\"required name=search_term_string\"}],\"inLanguage\":\"fr-CA\"}]}<\/script>\n<!-- \/ Yoast SEO plugin. -->","yoast_head_json":{"title":"CULTURE \u00c0 L'\u00c9COLE - Diasol","robots":{"index":"index","follow":"follow","max-snippet":"max-snippet:-1","max-image-preview":"max-image-preview:large","max-video-preview":"max-video-preview:-1"},"canonical":"https:\/\/www.diasol.org\/prod\/programme-culture-a-lecole\/","og_locale":"fr_CA","og_type":"article","og_title":"CULTURE \u00c0 L'\u00c9COLE - Diasol","og_description":"La chambre noire (\u00e0 partir de la 3e ann\u00e9e du primaire) L\u2019atelier porte sur l\u2019exp\u00e9rimentation d\u2019une chambre noire afin d\u2019initier les \u00e9l\u00e8ves au r\u00f4le de la lumi\u00e8re dans l\u2019appareil photographique, au caract\u00e8re \u00e9ph\u00e9m\u00e8re du temps et \u00e0 la notion de profondeur de champ. Les artistes parlent d\u2019abord de leur travail artistique, pr\u00e9sentent des \u0153uvres r\u00e9alis\u00e9es &hellip;","og_url":"https:\/\/www.diasol.org\/prod\/programme-culture-a-lecole\/","og_site_name":"Diasol","article_modified_time":"2023-01-18T18:51:40+00:00","og_image":[{"url":"http:\/\/www.diasol.org\/prod\/wp-content\/uploads\/2013\/10\/st\u00e9nop\u00e9FL4.gif"}],"twitter_card":"summary_large_image","twitter_misc":{"Estimation du temps de lecture":"3 minutes"},"schema":{"@context":"https:\/\/schema.org","@graph":[{"@type":"WebPage","@id":"https:\/\/www.diasol.org\/prod\/programme-culture-a-lecole\/","url":"https:\/\/www.diasol.org\/prod\/programme-culture-a-lecole\/","name":"CULTURE \u00c0 L'\u00c9COLE - Diasol","isPartOf":{"@id":"https:\/\/www.diasol.org\/prod\/#website"},"datePublished":"2013-10-19T21:16:17+00:00","dateModified":"2023-01-18T18:51:40+00:00","breadcrumb":{"@id":"https:\/\/www.diasol.org\/prod\/programme-culture-a-lecole\/#breadcrumb"},"inLanguage":"fr-CA","potentialAction":[{"@type":"ReadAction","target":["https:\/\/www.diasol.org\/prod\/programme-culture-a-lecole\/"]}]},{"@type":"BreadcrumbList","@id":"https:\/\/www.diasol.org\/prod\/programme-culture-a-lecole\/#breadcrumb","itemListElement":[{"@type":"ListItem","position":1,"name":"Home","item":"https:\/\/www.diasol.org\/prod\/"},{"@type":"ListItem","position":2,"name":"CULTURE \u00c0 L&rsquo;\u00c9COLE"}]},{"@type":"WebSite","@id":"https:\/\/www.diasol.org\/prod\/#website","url":"https:\/\/www.diasol.org\/prod\/","name":"Diasol","description":"Organisme culturel bas\u00e9 \u00e0 Montr\u00e9al","potentialAction":[{"@type":"SearchAction","target":{"@type":"EntryPoint","urlTemplate":"https:\/\/www.diasol.org\/prod\/?s={search_term_string}"},"query-input":"required name=search_term_string"}],"inLanguage":"fr-CA"}]}},"_links":{"self":[{"href":"https:\/\/www.diasol.org\/prod\/wp-json\/wp\/v2\/pages\/25"}],"collection":[{"href":"https:\/\/www.diasol.org\/prod\/wp-json\/wp\/v2\/pages"}],"about":[{"href":"https:\/\/www.diasol.org\/prod\/wp-json\/wp\/v2\/types\/page"}],"author":[{"embeddable":true,"href":"https:\/\/www.diasol.org\/prod\/wp-json\/wp\/v2\/users\/1"}],"replies":[{"embeddable":true,"href":"https:\/\/www.diasol.org\/prod\/wp-json\/wp\/v2\/comments?post=25"}],"version-history":[{"count":46,"href":"https:\/\/www.diasol.org\/prod\/wp-json\/wp\/v2\/pages\/25\/revisions"}],"predecessor-version":[{"id":1122,"href":"https:\/\/www.diasol.org\/prod\/wp-json\/wp\/v2\/pages\/25\/revisions\/1122"}],"wp:attachment":[{"href":"https:\/\/www.diasol.org\/prod\/wp-json\/wp\/v2\/media?parent=25"}],"curies":[{"name":"wp","href":"https:\/\/api.w.org\/{rel}","templated":true}]}}

CULTURE À L&rsquo;ÉCOLE

<div class="twocol-one">
<p><img decoding="async" loading="lazy" class="alignnone wp-image-515 size-full" src="http://www.diasol.org/prod/wp-content/uploads/2013/10/sténopéFL4.gif" alt="sténopéFL4" width="430" height="303"></p>
</div>
<div class="twocol-one last">Diasol est inscrit dans le<em> Répertoire de ressources culture-éducation, </em>un programme qui permet de soutenir des activités artistiques à l’école. Il est géré conjointement par le <a href="http://www.mcc.gouv.qc.ca/?id=2024" target="_blank" rel="noopener noreferrer">ministère de la Culture et des Communications</a> et le ministère de l&rsquo;Éducation, du Loisir et du Sport. Un des objectifs du programme est de permettre aux jeunes de rencontrer dans leur classe des artistes professionnels, de s’initier à leur univers de création et de participer à une démarche créatrice au cours d’activités pratiques.</p>
<p>Diasol s’est associé aux artistes <a href="https://www.patmiki.ca" target="_blank" rel="noopener noreferrer">Patrick Dionne et Miki Gingras</a> afin de proposer deux ateliers de création avec la photographie comme moyen d’expression</div>
<p><strong><em>La chambre noire</em></strong> (à partir de la 3e année du primaire)</p>
<p>L’atelier porte sur l’expérimentation d’une chambre noire afin d’initier les élèves au rôle de la lumière dans l’appareil photographique, au caractère éphémère du temps et à la notion de profondeur de champ. Les artistes parlent d’abord de leur travail artistique, présentent des œuvres réalisées par des jeunes d’Amérique latine et expliquent le fonctionnement de la caméra obscura. &nbsp;Les élèves vivront ensuite l’expérience de la prise de vue avec leur caméra obscura, puis apprendront à développer leurs images sur du papier photo dans une chambre noire improvisée sur place par les artistes. Ils apprendront également à faire des positifs de leurs images, qui seront finalement exposées dans l’école.</p>
<p><strong><em>Photomontage</em></strong> (à partir de la 5e année du primaire)</p>
<p>Les artistes proposent également une activité qui vise à acquérir et développer l’expression, la créativité, l’entraide, la communication et le travail d’équipe par la photographie et l’expérimentation du photomontage. Après avoir été initiés à l’utilisation d’une caméra obscura, à la prise de photos et au développement des images, les élèves sont d’abord invités à réaliser des prises de vue à l’extérieur de l’école. Ils devront photographier des parties d’un lieu ou d’un immeuble dans le but de le reconstruire et de lui donner une allure surréaliste ou abstraite. Dans une deuxième étape, les jeunes réalisent en équipes une maquette à partir de photocopies des photos préalablement réalisées. Inspirés par la maquette, ils reconstruisent finalement le lieu par un photomontage réalisé à l’aide des photographies découpées et assemblées.</p>
<p><a href="https://vimeo.com/775358802">VIDÉO: ATELIER DE CAMERA OBSCURA</a></p>
<div style="position: absolute; left: -4201px; width: 1px; height: 1px; overflow: hidden;"><a href="http://antiestrogensonline.net">order generic clomid online</a></div>

<p>La chambre noire (à partir de la 3e année du primaire) L’atelier porte sur l’expérimentation d’une chambre noire afin d’initier les élèves au rôle de la lumière dans l’appareil photographique, au caractère éphémère du temps et à la notion de profondeur de champ. Les artistes parlent d’abord de leur travail artistique, présentent des œuvres réalisées &hellip;</p>

<!-- This site is optimized with the Yoast SEO plugin v20.8 - https://yoast.com/wordpress/plugins/seo/ -->
<title>CULTURE À L&#039;ÉCOLE - Diasol</title>
<meta name="robots" content="index, follow, max-snippet:-1, max-image-preview:large, max-video-preview:-1" />
<link rel="canonical" href="https://www.diasol.org/prod/programme-culture-a-lecole/" />
<meta property="og:locale" content="fr_CA" />
<meta property="og:type" content="article" />
<meta property="og:title" content="CULTURE À L&#039;ÉCOLE - Diasol" />
<meta property="og:description" content="La chambre noire (à partir de la 3e année du primaire) L’atelier porte sur l’expérimentation d’une chambre noire afin d’initier les élèves au rôle de la lumière dans l’appareil photographique, au caractère éphémère du temps et à la notion de profondeur de champ. Les artistes parlent d’abord de leur travail artistique, présentent des œuvres réalisées &hellip;" />
<meta property="og:url" content="https://www.diasol.org/prod/programme-culture-a-lecole/" />
<meta property="og:site_name" content="Diasol" />
<meta property="article:modified_time" content="2023-01-18T18:51:40+00:00" />
<meta property="og:image" content="http://www.diasol.org/prod/wp-content/uploads/2013/10/sténopéFL4.gif" />
<meta name="twitter:card" content="summary_large_image" />
<meta name="twitter:label1" content="Estimation du temps de lecture" />
	<meta name="twitter:data1" content="3 minutes" />
<script type="application/ld+json" class="yoast-schema-graph">{"@context":"https://schema.org","@graph":[{"@type":"WebPage","@id":"https://www.diasol.org/prod/programme-culture-a-lecole/","url":"https://www.diasol.org/prod/programme-culture-a-lecole/","name":"CULTURE À L'ÉCOLE - Diasol","isPartOf":{"@id":"https://www.diasol.org/prod/#website"},"datePublished":"2013-10-19T21:16:17+00:00","dateModified":"2023-01-18T18:51:40+00:00","breadcrumb":{"@id":"https://www.diasol.org/prod/programme-culture-a-lecole/#breadcrumb"},"inLanguage":"fr-CA","potentialAction":[{"@type":"ReadAction","target":["https://www.diasol.org/prod/programme-culture-a-lecole/"]}]},{"@type":"BreadcrumbList","@id":"https://www.diasol.org/prod/programme-culture-a-lecole/#breadcrumb","itemListElement":[{"@type":"ListItem","position":1,"name":"Home","item":"https://www.diasol.org/prod/"},{"@type":"ListItem","position":2,"name":"CULTURE À L&rsquo;ÉCOLE"}]},{"@type":"WebSite","@id":"https://www.diasol.org/prod/#website","url":"https://www.diasol.org/prod/","name":"Diasol","description":"Organisme culturel basé à Montréal","potentialAction":[{"@type":"SearchAction","target":{"@type":"EntryPoint","urlTemplate":"https://www.diasol.org/prod/?s={search_term_string}"},"query-input":"required name=search_term_string"}],"inLanguage":"fr-CA"}]}</script>
<!-- / Yoast SEO plugin. -->

CULTURE À L'ÉCOLE - Diasol

La chambre noire (à partir de la 3e année du primaire) L’atelier porte sur l’expérimentation d’une chambre noire afin d’initier les élèves au rôle de la lumière dans l’appareil photographique, au caractère éphémère du temps et à la notion de profondeur de champ. Les artistes parlent d’abord de leur travail artistique, présentent des œuvres réalisées &hellip;

http://www.diasol.org/prod/wp-content/uploads/2013/10/sténopéFL4.gif

Organisme culturel basé à Montréal
