{"id":76,"date":"2013-10-23T18:18:52","date_gmt":"2013-10-23T18:18:52","guid":{"rendered":"http:\/\/www.diasol.org\/prod\/?page_id=76"},"modified":"2023-01-12T20:58:56","modified_gmt":"2023-01-12T20:58:56","slug":"home","status":"publish","type":"page","link":"https:\/\/www.diasol.org\/prod\/","title":{"rendered":"HOME"},"content":{"rendered":"\t<ul class=\"loop\">\r\n\t    \r\n    \t<li class=\"fourcol rad_big\">\r\n\t\t\t                       \r\n            <div class=\"item_full item_height1\">\r\n        \r\n                <div class=\"imgwrap\">\r\n                \r\n                        <span class=\"cats\"><\/span>\r\n                        \r\n                        <a href=\"https:\/\/www.diasol.org\/prod\/\">\r\n                                \r\n                                                    \r\n                        <\/a>\r\n                        \r\n                <\/div>\t\r\n                \r\n                <div style=\"clear:both\"><\/div>\r\n    \r\n                <h3><a href=\"https:\/\/www.diasol.org\/prod\/\">HOME<\/a><\/h3>\r\n                \r\n                <p><\/p>\r\n                \r\n                <a class=\"hoverstuff-zoom\" rel=\"prettyPhoto[gallery]\" href=\"\"><i class=\"fa fa-arrows-alt\"><\/i><\/a>\r\n                <a class=\"hoverstuff-link\" href=\"https:\/\/www.diasol.org\/prod\/\"><i class=\"fa fa-sign-out\"><\/i><\/a>\r\n        \r\n            <\/div>       \t<\/li>\r\n            \r\n\t\t<\/ul>\r\n        <div style=\"clear: both;\"><\/div>\r\n\t\n","protected":false},"excerpt":{"rendered":"","protected":false},"author":1,"featured_media":0,"parent":0,"menu_order":0,"comment_status":"closed","ping_status":"closed","template":"homepage_alt.php","meta":{"_mi_skip_tracking":false,"_exactmetrics_sitenote_active":false,"_exactmetrics_sitenote_note":"","_exactmetrics_sitenote_category":0},"yoast_head":"<!-- This site is optimized with the Yoast SEO plugin v20.8 - https:\/\/yoast.com\/wordpress\/plugins\/seo\/ -->\n<title>HOME - Diasol<\/title>\n<meta name=\"description\" content=\"Diasol est un organisme culturel \u00e0 but non lucratif fond\u00e9 en 2002 par Patrick Dionne et Miki Gingras.\" \/>\n<meta name=\"robots\" content=\"index, follow, max-snippet:-1, max-image-preview:large, max-video-preview:-1\" \/>\n<link rel=\"canonical\" href=\"https:\/\/www.diasol.org\/prod\/\" \/>\n<meta property=\"og:locale\" content=\"fr_CA\" \/>\n<meta property=\"og:type\" content=\"article\" \/>\n<meta property=\"og:title\" content=\"HOME - Diasol\" \/>\n<meta property=\"og:description\" content=\"Diasol est un organisme culturel \u00e0 but non lucratif fond\u00e9 en 2002 par Patrick Dionne et Miki Gingras.\" \/>\n<meta property=\"og:url\" content=\"https:\/\/www.diasol.org\/prod\/\" \/>\n<meta property=\"og:site_name\" content=\"Diasol\" \/>\n<meta property=\"article:modified_time\" content=\"2023-01-12T20:58:56+00:00\" \/>\n<meta name=\"twitter:card\" content=\"summary_large_image\" \/>\n<meta name=\"twitter:label1\" content=\"Estimation du temps de lecture\" \/>\n\t<meta name=\"twitter:data1\" content=\"1 minute\" \/>\n<script type=\"application\/ld+json\" class=\"yoast-schema-graph\">{\"@context\":\"https:\/\/schema.org\",\"@graph\":[{\"@type\":\"WebPage\",\"@id\":\"https:\/\/www.diasol.org\/prod\/\",\"url\":\"https:\/\/www.diasol.org\/prod\/\",\"name\":\"HOME - Diasol\",\"isPartOf\":{\"@id\":\"https:\/\/www.diasol.org\/prod\/#website\"},\"datePublished\":\"2013-10-23T18:18:52+00:00\",\"dateModified\":\"2023-01-12T20:58:56+00:00\",\"description\":\"Diasol est un organisme culturel \u00e0 but non lucratif fond\u00e9 en 2002 par Patrick Dionne et Miki Gingras.\",\"breadcrumb\":{\"@id\":\"https:\/\/www.diasol.org\/prod\/#breadcrumb\"},\"inLanguage\":\"fr-CA\",\"potentialAction\":[{\"@type\":\"ReadAction\",\"target\":[\"https:\/\/www.diasol.org\/prod\/\"]}]},{\"@type\":\"BreadcrumbList\",\"@id\":\"https:\/\/www.diasol.org\/prod\/#breadcrumb\",\"itemListElement\":[{\"@type\":\"ListItem\",\"position\":1,\"name\":\"Home\",\"item\":\"https:\/\/www.diasol.org\/prod\/\"},{\"@type\":\"ListItem\",\"position\":2,\"name\":\"HOME\"}]},{\"@type\":\"WebSite\",\"@id\":\"https:\/\/www.diasol.org\/prod\/#website\",\"url\":\"https:\/\/www.diasol.org\/prod\/\",\"name\":\"Diasol\",\"description\":\"Organisme culturel bas\u00e9 \u00e0 Montr\u00e9al\",\"potentialAction\":[{\"@type\":\"SearchAction\",\"target\":{\"@type\":\"EntryPoint\",\"urlTemplate\":\"https:\/\/www.diasol.org\/prod\/?s={search_term_string}\"},\"query-input\":\"required name=search_term_string\"}],\"inLanguage\":\"fr-CA\"}]}<\/script>\n<!-- \/ Yoast SEO plugin. -->","yoast_head_json":{"title":"HOME - Diasol","description":"Diasol est un organisme culturel \u00e0 but non lucratif fond\u00e9 en 2002 par Patrick Dionne et Miki Gingras.","robots":{"index":"index","follow":"follow","max-snippet":"max-snippet:-1","max-image-preview":"max-image-preview:large","max-video-preview":"max-video-preview:-1"},"canonical":"https:\/\/www.diasol.org\/prod\/","og_locale":"fr_CA","og_type":"article","og_title":"HOME - Diasol","og_description":"Diasol est un organisme culturel \u00e0 but non lucratif fond\u00e9 en 2002 par Patrick Dionne et Miki Gingras.","og_url":"https:\/\/www.diasol.org\/prod\/","og_site_name":"Diasol","article_modified_time":"2023-01-12T20:58:56+00:00","twitter_card":"summary_large_image","twitter_misc":{"Estimation du temps de lecture":"1 minute"},"schema":{"@context":"https:\/\/schema.org","@graph":[{"@type":"WebPage","@id":"https:\/\/www.diasol.org\/prod\/","url":"https:\/\/www.diasol.org\/prod\/","name":"HOME - Diasol","isPartOf":{"@id":"https:\/\/www.diasol.org\/prod\/#website"},"datePublished":"2013-10-23T18:18:52+00:00","dateModified":"2023-01-12T20:58:56+00:00","description":"Diasol est un organisme culturel \u00e0 but non lucratif fond\u00e9 en 2002 par Patrick Dionne et Miki Gingras.","breadcrumb":{"@id":"https:\/\/www.diasol.org\/prod\/#breadcrumb"},"inLanguage":"fr-CA","potentialAction":[{"@type":"ReadAction","target":["https:\/\/www.diasol.org\/prod\/"]}]},{"@type":"BreadcrumbList","@id":"https:\/\/www.diasol.org\/prod\/#breadcrumb","itemListElement":[{"@type":"ListItem","position":1,"name":"Home","item":"https:\/\/www.diasol.org\/prod\/"},{"@type":"ListItem","position":2,"name":"HOME"}]},{"@type":"WebSite","@id":"https:\/\/www.diasol.org\/prod\/#website","url":"https:\/\/www.diasol.org\/prod\/","name":"Diasol","description":"Organisme culturel bas\u00e9 \u00e0 Montr\u00e9al","potentialAction":[{"@type":"SearchAction","target":{"@type":"EntryPoint","urlTemplate":"https:\/\/www.diasol.org\/prod\/?s={search_term_string}"},"query-input":"required name=search_term_string"}],"inLanguage":"fr-CA"}]}},"_links":{"self":[{"href":"https:\/\/www.diasol.org\/prod\/wp-json\/wp\/v2\/pages\/76"}],"collection":[{"href":"https:\/\/www.diasol.org\/prod\/wp-json\/wp\/v2\/pages"}],"about":[{"href":"https:\/\/www.diasol.org\/prod\/wp-json\/wp\/v2\/types\/page"}],"author":[{"embeddable":true,"href":"https:\/\/www.diasol.org\/prod\/wp-json\/wp\/v2\/users\/1"}],"replies":[{"embeddable":true,"href":"https:\/\/www.diasol.org\/prod\/wp-json\/wp\/v2\/comments?post=76"}],"version-history":[{"count":2,"href":"https:\/\/www.diasol.org\/prod\/wp-json\/wp\/v2\/pages\/76\/revisions"}],"predecessor-version":[{"id":94,"href":"https:\/\/www.diasol.org\/prod\/wp-json\/wp\/v2\/pages\/76\/revisions\/94"}],"wp:attachment":[{"href":"https:\/\/www.diasol.org\/prod\/wp-json\/wp\/v2\/media?parent=76"}],"curies":[{"name":"wp","href":"https:\/\/api.w.org\/{rel}","templated":true}]}}